**3 + 4*d**2 - d + 55. Calculate the remainder when 184 is divided by p(0).
19
Suppose 0 = -2*h + 254 - 58. Let d(i) = -i**3 + 9*i**2 - 13*i + 16. What is the remainder when h is divided by d(5)?
47
Let z = 300 - 81. Calculate the remainder when z is divided by 20.
19
Suppose 5*q - 83 + 19 = -3*x, -4*q = 2*x - 40. What is the remainder when 503 is divided by x?
27
Suppose 3*q = 7*q - h - 48, 2*h = 3*q - 31. Let l be 0/8 + (1 - -14). Suppose -11*d + l*d - 100 = 0. Calculate the remainder when d is divided by q.
12
Suppose -21 = -d - 5. What is the remainder when (-7)/(42/(-177)) + (-7)/14 is divided by d?
13
Let y(t) be the second derivative of -3*t**2 - 1/12*t**4 + 0 - 2*t + 13/6*t**3. Calculate the remainder when 29 is divided by y(11).
13
Let q(p) = -2*p + 1 + 0*p - p**2 - 8*p - 10. Let n = -13 + 25. What is the remainder when n is divided by q(-8)?
5
Suppose 15*v = -347 + 1757. Calculate the remainder when 279 is divided by v.
91
Let y be -2*(4/10)/((-64)/1840). Suppose 5*k - 18 - 82 = 0. Let c = y - k. What is the remainder when 11 is divided by c?
2
Suppose -3*j - 4*x - 68 = -5*j, 4*x = -4*j + 76. Let u = j - -13. What is the remainder when 184 is divided by u?
36
Let l = 663 + -647. Calculate the remainder when 191 is divided by l.
15
Let k = 239 + -52. Suppose 0*y - 3*o = 5*y - k, 2*y - 81 = 5*o. Calculate the remainder when y is divided by (-16)/(-56) - 136/(-14).
8
Suppose 0 = k + g - 0 + 2, 0 = 4*k - 4*g - 24. Suppose -3*w = w + 5*s - 31, k*s - 46 = -4*w. What is the remainder when 27 is divided by w?
13
Suppose -g - 6*g + 1484 = 0. Suppose 4*d - 3*v - v - g = 0, -5*d + 289 = v. What is the remainder when d is divided by 12?
9
Let o be (-17 + 16)*(-1 + 83). Let t = 124 + o. What is the remainder when t is divided by 5?
2
Suppose -90 = 2*k + 3*k. Let v = k - -19. Calculate the remainder when 5 is divided by v.
0
Let c = 29 - -19. Let b(y) = -y**3 + 4*y**2 + 6*y - 6. Let m be b(5). What is the remainder when c is divided by (51/6)/(m/(-2))?
14
Let p(x) = x**2 - 15*x + 11. Let u be p(13). Let c = u + 22. Suppose -a + 4*a - 54 = 0. Calculate the remainder when a is divided by c.
4
Suppose -5*n = -2*a - 114 - 81, -n + 39 = -5*a. What is the remainder when n is divided by 7?
4
Suppose -x + 2 = -0. Suppose x*r - 16 = -2*c, 4*c - 8 = r - 3*r. Calculate the remainder when (20/(-6))/(36/(-378)) is divided by r.
11
Let c = 612 + -565. Calculate the remainder when 118 is divided by c.
24
Suppose 3*r + 6 - 45 = 0. Calculate the remainder when r/((-65)/(-180)) - -3 is divided by 21.
18
Calculate the remainder when 168 is divided by ((-26)/52)/(23/(-22) + 1).
3
Let g(p) = 2*p**2 - 31*p - 4. Calculate the remainder when g(17) is divided by 17.
13
Let y be -2*(-5 + 7) - -1*4. Suppose -4*p = -p - 147. What is the remainder when p is divided by 510/204*(11 - (y - -1))?
24
Let b be 4/(-5)*(3/6 + -3). Calculate the remainder when 13 is divided by b/4*(-1 - 1 - -16).
6
Let u be (-2)/(((-6)/(-9))/(-1)). Suppose -3*b + 3 = -u. Suppose 7 = -b*p + 141. What is the remainder when p is divided by 23?
21
Suppose 4*o - t = 75, -52 + 15 = -2*o + t. Let m = o + -23. Calculate the remainder when 4 - ((-8)/m + 1) is divided by 1.
0
Suppose 5*r - 98 = 182. Let d = -40 + r. Calculate the remainder when d is divided by 11.
5
Let c(w) = -8*w - 2. Let v(b) = 24*b**2 + 4*b - 3. Calculate the remainder when v(1) is divided by c(-2).
11
Let t be -5 + 112/24 + 104/(-3). Calculate the remainder when 66*((-2)/(-7) - 25/t) is divided by 25.
16
Suppose 124 - 4 = 5*v - 5*w, -24 = -v - w. Let k = -21 + v. Let p = 3 - -7. Calculate the remainder when p is divided by k.
1
Let d be ((-30)/(-24))/((-1)/(-4)). Suppose -3 = j - d*y, j + 0*y = 2*y + 3. What is the remainder when 13 is divided by j?
6
Suppose 0*f - f = -17. Suppose -5*j + 3*t - f = 0, -2*t = -5*j + j - 14. Let k = 15 + j. What is the remainder when 21 is divided by k?
10
Suppose -z - 3*n + 5 = -8*n, 5*z = -n - 1. Suppose z = 4*l - 9*l + 335. What is the remainder when l is divided by 34?
33
Suppose -127 - 69 = -7*q. Calculate the remainder when q is divided by 16.
12
Let t(m) = -m - 3. Let b(z) = 2*z**2 - 7*z + 5. Let v be b(6). Suppose 3*c - v = 55. Calculate the remainder when c is divided by t(-11).
6
Let f(z) = 2*z**2 - z - 1. Let d be f(-1). Let i(m) = -d*m**2 + 8*m + 10 - m**2 - 4*m**2 + 6*m**2. Calculate the remainder when 38 is divided by i(8).
8
Let p = 727 - 719. Calculate the remainder when 89 is divided by p.
1
Let i = -1546 - -1571. Calculate the remainder when 746 is divided by i.
21
Let y be ((-4)/4)/((-1)/(-27)). Let h be 2/(-2)*y*-1. Let c = -16 - h. What is the remainder when 32 is divided by c?
10
Let u(c) = 58*c**2 + 33*c + 108. Calculate the remainder when u(-3) is divided by 30.
21
Let u(h) = -h - 2. Let k be u(-4). Suppose -8 = k*d - 3*d. What is the remainder when (-11 - -8)*-11 - -4 is divided by d?
5
Suppose 3*u - 4*d - 224 = 0, 5*u + d - 352 = 52. Let h(l) = -l**3 - 18*l**2 - 20*l - 30. Calculate the remainder when u is divided by h(-17).
17
Calculate the remainder when (-790)/(-20) - 2/4 is divided by 16.
7
Let o(m) be the third derivative of 1/6*m**3 - 1/6*m**4 + 0 + 0*m - 8*m**2. Calculate the remainder when o(-5) is divided by 8.
5
Suppose -48 = 6*f - 2*f. Let m be (0/(-2))/(f - -11). Suppose m = 6*o - 4*o - 18. What is the remainder when o is divided by 4?
1
Suppose 3*n = 6*n - 69. Let s(f) = -6*f + 6. Let i(o) = o. Let q(k) = -22*i(k) - 2*s(k). What is the remainder when n is divided by q(-2)?
7
Let k(u) = u**3 - 8*u**2 - 9*u. Let c be k(9). Suppose -2*h + c = -68. Suppose -h = -3*s + 14. What is the remainder when s is divided by 6?
4
Let b(v) = -6*v + 19. What is the remainder when 120 is divided by b(-4)?
34
Let t(q) = 11*q**2 - 5*q - 5. Let s be t(-8). Let c = 1035 - s. Calculate the remainder when (2/4)/(4/c) is divided by 10.
7
Let z = 0 + 10. Suppose 0 = -114*u + 113*u + 6. What is the remainder when 3/(u/z + 0) is divided by 2?
1
Suppose 8*n = -3*n. Suppose 0 = -4*l - 3*v + 179 - 25, n = 3*l + 3*v - 117. What is the remainder when l is divided by 10?
7
Let c(n) = n**3 - 11*n**2 - 12*n + 3. Let d be c(14). Calculate the remainder when ((-1)/3)/(1689/d - 4) is divided by 8.
7
Suppose -4*l = 22 + 38. Let m = l - -18. Suppose t - m*t = -46. What is the remainder when t is divided by 6?
5
Let b(d) = d**2 - 7*d + 8. Let a be b(6). Calculate the remainder when -1*(-2)/(a/69) is divided by 24.
21
Suppose -6*z - 2*z = 0. Suppose 11*d - 12*d + 6 = z. Calculate the remainder when (3/(-6))/(2/(-56)) is divided by d.
2
Suppose 6*v + 213 = 609. Suppose -2*m + 4*i - 2*i = -v, 5*m - i - 153 = 0. Calculate the remainder when 56 is divided by m.
26
Let d(q) be the second derivative of -q**4/12 - 5*q**3/2 + 8*q**2 + 8*q. Let w be d(-14). Let k = -16 + w. What is the remainder when 54 is divided by k?
12
Suppose 3*h = h + q + 30, -4*h + 56 = -4*q. Suppose -4*u + 2*i + 132 = -0*i, -5*u - 5*i + 135 = 0. What is the remainder when u is divided by h?
15
Let p(n) = n**3 + 10*n**2 - 15*n - 34. Calculate the remainder when 36 is divided by p(-11).
6
Let j = 392 - 281. Calculate the remainder when j is divided by 53.
5
Let s(t) = -t**3 + 12*t**2 - 17*t - 3. Calculate the remainder when s(7) is divided by 14.
11
Let x be -3 + (-3 + 2)*43. Let g be x/(-10) - (-16)/40. Suppose -g*t + 42 = o, -2*o - 16 = -3*t + 4. What is the remainder when t is divided by 6?
2
Suppose 55 = -22*p + 33*p. Let k(w) = 2*w**2 + 9*w - 2. Calculate the remainder when k(-7) is divided by p.
3
Let y(n) = -16*n**3 + n**2 - 3*n - 3. Calculate the remainder when 31 is divided by y(-1).
14
Let n = -18 + 18. Suppose n*p + 4*p + 3*q - 28 = 0, -3*p - 4*q + 21 = 0. Suppose -s + 0 = -5. What is the remainder when p is divided by s?
2
Suppose n - 23 = -3. Calculate the remainder when n + 2/4*0 is divided by 3009/425 + ((-294)/(-75) - 4).
6
Suppose 0 = -3*n + 143 + 10. What is the remainder when n is divided by (-1 - -2)/((-54)/(-26) + -2)?
12
Suppose -2*r + 2*f - 62 = -0*r, -5*f - 145 = 5*r. Suppose -w - 12 = -3*w. What is the remainder when 190/8 - r/(-40) is divided by w?
5
Suppose -7*f = -114 + 23. What is the remainder when f is divided by 3?
1
Let s(c) = -4*c - 55. Let u(x) = -x**2 - 8*x. Let t be u(-5). Suppose -3*f - 5*z + 16 = 1, -3*f 